 when 11997351 is divided by 3538?
3531
Calculate the remainder when 109504172 is divided by 36501381.
29
What is the remainder when 48297603 is divided by 65?
3
What is the remainder when 3017101 is divided by 43726?
7
Calculate the remainder when 81293 is divided by 2625.
2543
What is the remainder when 123644705 is divided by 107?
106
What is the remainder when 13689905 is divided by 1126?
1123
What is the remainder when 95163 is divided by 47237?
689
What is the remainder when 140810 is divided by 10821?
137
Calculate the remainder when 67597 is divided by 11141.
751
What is the remainder when 13970638 is divided by 8550?
8488
Calculate the remainder when 12594781 is divided by 567.
10
Calculate the remainder when 81032723 is divided by 1633.
1630
What is the remainder when 2257827 is divided by 5?
2
Calculate the remainder when 23100360 is divided by 39.
36
Calculate the remainder when 7037 is divided by 730.
467
Calculate the remainder when 68013 is divided by 613.
583
What is the remainder when 19678 is divided by 7224?
5230
Calculate the remainder when 2132907 is divided by 30.
27
What is the remainder when 606997 is divided by 1202?
1189
Calculate the remainder when 1444377 is divided by 111038.
883
What is the remainder when 3719232 is divided by 9536?
192
What is the remainder when 12178386 is divided by 138390?
66
Calculate the remainder when 3837885 is divided by 34.
33
What is the remainder when 4856408 is divided by 2428106?
196
Calculate the remainder when 101075430 is divided by 20207.
16
What is the remainder when 149013 is divided by 3626?
347
What is the remainder when 18457924 is divided by 776?
764
What is the remainder when 164317 is divided by 11525?
2967
Calculate the remainder when 31739344 is divided by 15869666.
12
What is the remainder when 1141339 is divided by 36?
31
Calculate the remainder when 7929016 is divided by 3301.
14
What is the remainder when 5205057 is divided by 91?
39
Calculate the remainder when 87502 is divided by 7196.
1150
What is the remainder when 20271055 is divided by 1455?
1450
Calculate the remainder when 7635855 is divided by 4053.
3
Calculate the remainder when 10704370 is divided by 29.
6
Calculate the remainder when 11947934 is divided by 523.
522
What is the remainder when 6801043 is divided by 37?
36
What is the remainder when 6464538 is divided by 19?
16
What is the remainder when 18265 is divided by 108?
13
What is the remainder when 1439784633 is divided by 12391?
12388
Calculate the remainder when 76723469 is divided by 2769.
17
What is the remainder when 13717 is divided by 6805?
107
Calculate the remainder when 587538 is divided by 1226.
284
What is the remainder when 6191542 is divided by 1547885?
2
Calculate the remainder when 7732468 is divided by 402.
400
What is the remainder when 553609 is divided by 2096?
265
Calculate the remainder when 15703 is divided by 2570.
283
What is the remainder when 146644 is divided by 531?
88
What is the remainder when 17731 is divided by 5849?
184
What is the remainder when 306791 is divided by 1635?
1046
What is the remainder when 1311757 is divided by 19875?
7
What is the remainder when 660158 is divided by 94?
90
Calculate the remainder when 14834 is divided by 297.
281
Calculate the remainder when 5355031 is divided by 1785000.
31
What is the remainder when 2740780545 is divided by 8369?
8366
Calculate the remainder when 2382035 is divided by 163.
116
Calculate the remainder when 12203930 is divided by 938761.
37
Calculate the remainder when 114242236 is divided by 81.
79
What is the remainder when 4426060 is divided by 558?
4
What is the remainder when 47181222 is divided by 13?
10
What is the remainder when 2031189774 is divided by 83?
79
What is the remainder when 176307 is divided by 170?
17
Calculate the remainder when 386830 is divided by 346.
2
Calculate the remainder when 107656 is divided by 26912.
8
Calculate the remainder when 59787007 is divided by 511.
7
What is the remainder when 22604241 is divided by 2272?
113
Calculate the remainder when 41043549 is divided by 2707.
15
What is the remainder when 235243 is divided by 191?
122
What is the remainder when 34184 is divided by 11084?
932
Calculate the remainder when 335968617 is divided by 442.
439
What is the remainder when 22090 is divided by 179?
73
What is the remainder when 149905727 is divided by 2856?
2855
What is the remainder when 3621955 is divided by 452736?
67
Calculate the remainder when 13862 is divided by 763.
128
What is the remainder when 28764732 is divided by 2316?
12
Calculate the remainder when 56386 is divided by 190.
146
What is the remainder when 2124752 is divided by 13?
6
What is the remainder when 8339525 is divided by 190?
45
What is the remainder when 91357 is divided by 3513?
19
Calculate the remainder when 3108115 is divided by 1317.
1312
Calculate the remainder when 4035556 is divided by 3213.
28
Calculate the remainder when 2673504 is divided by 2404.
256
Calculate the remainder when 16285 is divided by 3251.
30
What is the remainder when 6008526 is divided by 231?
216
Calculate the remainder when 28676386 is divided by 9558786.
28
What is the remainder when 742868 is divided by 212?
20
Calculate the remainder when 1427365 is divided by 178331.
717
What is the remainder when 37125 is divided by 334?
51
Calculate the remainder when 142863 is divided by 8402.
29
What is the remainder when 221463 is divided by 31589?
340
What is the remainder when 38229663 is divided by 352?
351
What is the remainder when 181356 is divided by 67?
54
Calculate the remainder when 1558268 is divided by 1749.
1658
What is the remainder when 2568684 is divided by 631?
514
Calculate the remainder when 814598 is divided by 757.
66
Calculate the remainder when 55805 is divided by 27630.
545
What is the remainder when 5314221 is divided by 710?
581
Calculate the remainder when 641315 is divided by 213750.
65
What is the remainder when 66260 is divided by 5999?
271
What is the remainder when 12664665 is divided by 12652?
13
Calculate the remainder when 4665144 is divided by 31953.
6
What is the remainder when 5376 is divided by 2684?
8
What is the remainder when 2381569 is divided by 283?
124
What is the remainder when 22639 is divided by 947?
858
What is the remainder when 849562 is divided by 3511?
3411
Calculate the remainder when 24474 is divided by 240.
234
Calculate the remainder when 702303 is divided by 93.
60
Calculate the remainder when 477132 is divided by 4459.
19
Calculate the remainder when 5278556 is divided by 160.
156
Calculate the remainder when 24349 is divided by 7843.
820
What is the remainder when 14489661 is divided by 1843?
1838
Calculate the remainder when 19424 is divided by 105.
104
What is the remainder when 2832004 is divided by 17?
8
What is the remainder when 5441620 is divided by 1360386?
76
Calculate the remainder when 24103255 is divided by 2154.
2149
What is the remainder when 83619 is divided by 2284?
1395
Calculate the remainder when 35004106 is divided by 473028.
34
Calculate the remainder when 4797306 is divided by 407.
404
Calculate the remainder when 2310458 is divided by 253.
62
What is the remainder when 35666423 is divided by 99?
89
Calculate the remainder when 151520 is divided by 966.
824
Calculate the remainder when 1066249 is divided by 50750.
499
Calculate the remainder when 1074414 is divided by 22.
0
What is the remainder when 1183656 is divided by 98618?
240
What is the remainder when 157295 is divided by 17472?
47
What is the remainder when 112183861 is divided by 2371?
2367
What is the remainder when 1155585 is divided by 288886?
41
Calculate the remainder when 20386556 is divided by 1853313.
113
What is the remainder when 1847597 is divided by 1660?
17
What is the remainder when 2052337 is divided by 5317?
5292
Calculate the remainder when 1345397 is divided by 38437.
102
What is the remainder when 5225215 is divided by 390?
385
Calculate the remainder when 39054 is divided by 775.
304
Calculate the remainder when 1991 is divided by 1937.
54
Calculate the remainder when 175081 is divided by 43764.
25
Calculate the remainder when 2511790 is divided by 1851.
1834
Calculate the remainder when 8835671 is divided by 56.